1026. What is the units digit of w?
3
Let c(u) = -2*u - 2*u**2 - 2*u**3 - 2 - u - u**3 - 2*u**2. Let g be c(-5). Suppose p + 2*f - 69 = 0, -4*p + 0*p = 4*f - g. What is the units digit of p?
5
Let b = -176 - -178. Let g(n) be the second derivative of n**3 + 5*n**2/2 + 4*n. What is the units digit of g(b)?
7
Suppose -4*b - b = -4*b. Suppose -4*c + b*c + 180 = 0. Suppose 0 = 3*x + c - 447. What is the hundreds digit of x?
1
Let j be 10/(-10) - (-1 + -2) - 0. Let g be 3*((-6)/(-9))/j. What is the tens digit of 17/3*(19 - g)?
0
Suppose -7313943 = -273*o + 38*o - 38*o. What is the thousands digit of o?
6
What is the tens digit of ((-54)/(-126) - 47/77) + 257501/11?
0
Let r = -8458 - -12901. What is the units digit of r?
3
Let w = -9275 - -15752. What is the hundreds digit of w?
4
Suppose t - 5*t + 12 = 0. Suppose 4*r = 0, -c - t = -2*c - r. Suppose -408 = -c*w + 96. What is the units digit of w?
8
Suppose -58*q = 11*q + 44*q - 2727142. What is the ten thousands digit of q?
2
Let n(c) = 7*c**3 - 15*c**2 + 139*c + 3. Let q be n(9). Suppose 194*y + q = 197*y. What is the hundreds digit of y?
7
Suppose 3*z - 5911 = -3*o + 34670, 40606 = 3*o - 2*z. Suppose -46*q + o = -12*q. What is the hundreds digit of q?
3
Suppose -8*x + 302 = 310. What is the hundreds digit of 1 - (x*259 - (40 - 37))?
2
Suppose s - 18064 = -k, -3*s = 5*k - 33011 - 57315. What is the hundreds digit of k?
0
Let s(t) = -2*t**3 + 17*t**2 - t + 4. Let m(v) = -v**3 + 8*v**2 + 1. Let h(q) = -7*m(q) + 3*s(q). What is the tens digit of h(7)?
8
Let v(h) = 38*h + 292. Suppose 0 = 4*z - 10*z - 0*z. What is the hundreds digit of v(z)?
2
Let u(m) = -3729*m + 5704. What is the units digit of u(-13)?
1
Suppose r - 242 = -1286. Let l = 1862 + r. What is the units digit of l?
8
Suppose -5*n - 4*d + 425410 = 0, n + 710*d - 712*d - 85096 = 0. What is the ten thousands digit of n?
8
Let z(a) = a**3 - 24*a**2 + 23*a + 3. Let t be z(23). Suppose i + 3*r = -30 + 222, 2*i + t*r = 369. What is the tens digit of i?
7
Let j = -91 - -179. Let g = j + -186. Let a = g + 202. What is the hundreds digit of a?
1
Let x(t) = t**3 - 21*t**2 - 47*t + 16. Let p be x(23). What is the units digit of p/((-7)/(-2)) + (1 - -8)?
7
Let d(s) = 196*s + 12. Let x be d(4). Suppose -2103 = -13*r + x. What is the units digit of r?
3
Let p(i) = 1. Let z(x) = -31*x + 23. Let t be (-30)/(-4)*32/(-120)*-3. Let b(o) = t*p(o) + z(o). What is the tens digit of b(-8)?
7
Let p(u) = -6*u + 76. Let k be p(12). Let b(o) = 294*o + 11. What is the tens digit of b(k)?
8
Let g = 2061 - -3004. Suppose -g + 1281 = -11*s. What is the units digit of s?
4
Suppose 104 = 48*o - 44*o. What is the tens digit of 84/4*o/2?
7
Let j be 2/(3/(-2) + 9 + -7). Suppose l = 2, j*c + 170 = 3*l - 0*l. Let v = 25 - c. What is the units digit of v?
6
Let q(f) = 69*f**2 + 17*f + 49. Let i be q(-3). Let u = -312 + i. What is the units digit of u?
7
Let f(i) = 1307*i**3 + 20*i**2 - 53*i - 10. What is the tens digit of f(3)?
0
Let p(y) = -3*y**2 + 20*y + 4*y**2 + 0*y**2 - 2 + 33 - 2. Let z = -36 - -16. What is the units digit of p(z)?
9
Suppose p = -0*p + 6. Suppose -3101 = -p*t - 1055. Suppose -739 = -9*n + t. What is the units digit of n?
0
Suppose -5*z + z = -16. Let b be (-9)/108 + (-5331)/(-36). Suppose -108 = -z*a + b. What is the units digit of a?
4
Let p(y) = 3*y**2 + 8*y - 25. Suppose 5 = -q + 10. Suppose q*x - 96 = 17*x. What is the units digit of p(x)?
3
Let t be 3 - (64/24)/((-2)/3). What is the hundreds digit of (-541)/(((3 - t) + 5)/(-1))?
5
Suppose -7*y = -16873 - 5772. Suppose y = 4*j + 3*d, -2*d - 4061 = -7*j + 2*j. What is the tens digit of j?
1
Suppose 90*j - 4*s + 30948 = 94*j, 0 = -4*s + 12. What is the thousands digit of j?
7
Let b(x) = 7*x**2 + 60*x + 81. What is the units digit of b(-24)?
3
Let d(p) = 5*p - 22*p - 108 + 2*p - 11*p + 5*p**2. What is the hundreds digit of d(-6)?
2
Let z = 73 - -40. Let x(j) = 4*j**2 - 2*j + 37. Let k be x(-9). Suppose 0 = 4*a - z - k. What is the hundreds digit of a?
1
Let s(l) = -54*l - 74. Let b(d) = -80*d - 111. Let c(n) = 5*b(n) - 7*s(n). Let x = -57 - -48. What is the tens digit of c(x)?
6
Let l(b) = 2*b**2 + 40*b + 136. Let c be ((-275)/13 - (-20)/130) + -5. What is the units digit of l(c)?
8
Let g = -6992 - -39960. What is the hundreds digit of g?
9
Let v(n) = -10*n + 41. Let t be v(-10). Suppose -2*x + 149 + t = 2*b, b = -4*x + 133. What is the tens digit of b?
4
Suppose 2*c - 2*y - 16120 = 0, 5*c - y = 10*c - 40318. What is the hundreds digit of c?
0
Let v(x) = x**3 + x**2 - 4*x. Let d be v(0). Suppose 16*p - 1754 - 4854 = d. What is the units digit of p?
3
Let k = 33 + -29. Suppose 3 = 3*s + 5*m, k*s + m - 4*m = -25. What is the units digit of ((-2)/s)/((-1)/(-56))?
8
Suppose 6*a + 27922 = 4*c - 111868, -3*c - 4*a + 104902 = 0. What is the hundreds digit of c?
9
Let b(t) = -5*t**3 - 5*t**2 + 4*t + 4. Let m(v) = -v**2 - 3*v + 6. Let d be 21/(-3) + (-1 - -3). Let g be m(d). What is the units digit of b(g)?
8
Let q(u) = -u**2 - 9*u + 2. Let f be q(-9). Let c be 1/(f/(-58))*1/(-1). Let w = 44 + c. What is the units digit of w?
3
Let o(j) = 15*j**2 + 2*j - 11. Let i(q) = 21*q - 16. Let k be i(-2). Let v be k/(-15) - 26/(-195). What is the tens digit of o(v)?
3
Suppose 2*v = 8, -89*v + 90*v + 17461 = 5*c. What is the thousands digit of c?
3
Suppose -4*s + 184 = 4*g, 4*s - 4*g + 66 = 250. Let b = s - 52. What is the units digit of (-23 - (-4 - b))*-1?
5
Let g = 1368 + 54. Suppose -3*s = -3*j - g, -5*j + j = 4. What is the units digit of s?
3
Suppose 3*h - f + 182 = 0, -f + 4*f = -3. Let t = 131 + h. What is the tens digit of ((-38)/(-4))/(5/t) - 3?
3
Suppose -4*b = 12, 0*s - 2*b + 62 = s. Let k(l) = -70*l**2 + 17 + s*l**2 - 2*l + 9. What is the units digit of k(0)?
6
Suppose 78*h + 4 = 80*h. Suppose 2*i - 8 = 0, -6*c - h*i + 448 = -2*c. What is the hundreds digit of c?
1
Let s be -2*(-2)/4 - (-8 - -5). Suppose -2*m = -2 - s. Suppose 0*g + m*p + 384 = 5*g, g - 72 = -p. What is the tens digit of g?
7
Suppose 938*v - 147336 = 935*v - r, 245562 = 5*v + 2*r. What is the units digit of v?
0
What is the hundreds digit of 1416*2 - 37/(-37)?
8
Let j be (1 - 0)*(-45)/5. What is the units digit of 1096 + (14 - (-63)/j)?
3
Let a = 101 - 100. Let n be -5 + (a + 121)/2. Let h = 60 - n. What is the units digit of h?
4
Let t = 4991 + 6917. What is the tens digit of t?
0
Suppose 5*z + 1273 = -0*z + 3*c, -3*z - 779 = 2*c. Let v = -82 + -101. Let q = v - z. What is the tens digit of q?
7
Let j = 121 + -245. Suppose 0 = -z + 20 + 36. Let r = z - j. What is the hundreds digit of r?
1
Let f(k) = 23*k**3 - 2*k**2 + 4*k. Let a be f(2). Let m = 314 - a. What is the hundreds digit of m?
1
Let l(u) = -955 - 27*u**2 + 5*u + 3*u**3 + 987 - 2*u**3. What is the hundreds digit of l(27)?
1
Let l(c) = -c**3 - 11*c**2 + 6*c + 14. Let n be l(-8). Let t = -118 - n. Let y = t + -39. What is the tens digit of y?
6
Let c be (-13)/((-104)/(-24)) - -4. Let k(g) = 1171*g**3 - 3*g**2 + 4*g - 2. What is the hundreds digit of k(c)?
1
Suppose -z + 69 = -n, -3 - 2 = -5*n. Suppose 0 = 10*v - 0*v - z. Suppose v*a = 18*a - 2849. What is the units digit of a?
9
Suppose -6*l + 3458 = 3*c - 2*l, -4*l = 4*c - 4612. Suppose -c = -f - 200. What is the hundreds digit of f?
9
Suppose -2*n = -3*v + 36, 2*n - 3*n = 3*v - 36. Suppose 4*z + 0 = -k - 3, z + v = 2*k. Let w(x) = -5*x**3 - x**2 - 2*x - 5. What is the units digit of w(z)?
5
Suppose f = 4*z + 517, -2*f + z - 4*z = -1056. Suppose 3*b = 4*t - f, -b = -0*t - t + 132. Suppose -t = -8*m + 63. What is the units digit of m?
4
Let o(b) = -5*b**2 + 4*b**2 + 3*b**2 + 17 + 8*b. Let y(c) = -2*c**3 - 5*c**2 + 6*c + 1. Let p be y(-3). What is the units digit of o(p)?
1
Suppose g = -4*p + 40261, 5*g + 3*p - 262400 = -61214. What is the ten thousands digit of g?
4
Let g(y) = 753*y + 944. What is the units digit of g(11)?
7
Suppose -4*n = -16, p - 18 = n + 3. Suppose -23*a = -p*a + 298. Let g = 248 - a. What is the units digit of g?
9
Let p(l) = 16*l + 37. Suppose -h + 1 = -5. What is the tens digit of p(h)?
3
Let r = -60 + 190. Let b = r + -128. Suppose -b*c - 5*l + 228 + 25 = 0, 3*c = -2*l + 407. What is the units digit of c?
9
Let f(h) = 3*h**2 + 10*h + 9. Suppose 0*o - a = o - 8, -9 = -o - 2*a. Suppose -o*j - 42 = -j. What is 